0?
False
Does 64 divide 110208?
True
Is 33 a factor of 3045375?
False
Does 375 divide 102734?
False
Does 6 divide 4028962?
False
Is 38 a factor of 743091?
False
Is 33548 a multiple of 260?
False
Is 286314 a multiple of 14?
True
Is 107 a factor of 3741622?
False
Does 10 divide 684534?
False
Is 468992 a multiple of 32?
True
Does 272 divide 459680?
True
Is 22 a factor of 73714?
False
Is 4 a factor of 137369?
False
Is 12 a factor of 22565?
False
Is 107 a factor of 1821247?
True
Does 9 divide 2679984?
True
Is 6 a factor of 31788?
True
Is 38522 a multiple of 17?
True
Is 47731 a multiple of 13?
False
Is 33 a factor of 1939567?
False
Is 4566 a multiple of 227?
False
Is 1258582 a multiple of 19?
False
Is 538517 a multiple of 156?
False
Is 84506 a multiple of 31?
True
Is 375 a factor of 2891800?
False
Is 527 a factor of 2924850?
True
Is 6 a factor of 261009?
False
Is 5265 a multiple of 195?
True
Is 498169 a multiple of 127?
False
Is 1627 a factor of 21735093?
True
Is 11211572 a multiple of 848?
False
Is 1759979 a multiple of 37?
True
Is 255833 a multiple of 19?
False
Is 4283808 a multiple of 13?
False
Is 580 a factor of 2822860?
True
Is 3 a factor of 22519?
False
Is 46 a factor of 1990742?
True
Does 2157 divide 13765526?
False
Is 10 a factor of 949462?
False
Is 131 a factor of 177988?
False
Does 25 divide 2478593?
False
Is 435 a factor of 184492?
False
Is 38 a factor of 137654?
False
Is 1613210 a multiple of 16?
False
Does 21 divide 10962?
True
Is 17419920 a multiple of 21?
True
Does 11 divide 11021?
False
Is 105 a factor of 2688734?
False
Is 126 a factor of 54180?
True
Is 129339 a multiple of 24?
False
Is 1911666 a multiple of 19?
True
Is 2601918 a multiple of 51?
True
Is 18 a factor of 22176?
True
Is 5 a factor of 186698?
False
Is 9 a factor of 607554?
True
Does 85 divide 19705510?
False
Does 277 divide 509781?
False
Does 22 divide 2322386?
True
Is 163 a factor of 225429?
True
Does 79 divide 52028?
False
Is 1294280 a multiple of 38?
True
Is 12 a factor of 612538?
False
Does 320 divide 1033330?
False
Is 22 a factor of 46127?
False
Is 7267320 a multiple of 540?
True
Is 17878866 a multiple of 69?
True
Is 23135 a multiple of 7?
True
Is 680232 a multiple of 14?
True
Is 11333972 a multiple of 124?
True
Does 360 divide 1972058?
False
Is 2045252 a multiple of 39?
False
Does 131 divide 250870?
False
Is 74327 a multiple of 29?
True
Does 25 divide 1140676?
False
Is 7 a factor of 298062?
False
Is 7916498 a multiple of 89?
False
Is 115 a factor of 1708481?
False
Is 3 a factor of 238786?
False
Is 10 a factor of 287615?
False
Does 6 divide 132994?
False
Is 379800 a multiple of 72?
True
Is 821601 a multiple of 3?
True
Does 142 divide 211866?
False
Is 314569 a multiple of 32?
False
Is 43820 a multiple of 35?
True
Is 342930 a multiple of 21?
True
Is 1058118 a multiple of 146?
False
Is 145 a factor of 9198655?
True
Does 65 divide 240956?
False
Does 106 divide 6036511?
False
Does 42 divide 457548?
True
Does 19 divide 12106439?
True
Is 23 a factor of 3712821?
True
Is 329 a factor of 336238?
True
Is 448536 a multiple of 7?
False
Does 4 divide 3576?
True
Is 893 a factor of 10279323?
True
Does 470 divide 192230?
True
Does 260 divide 10090661?
False
Is 463030 a multiple of 38?
True
Is 16 a factor of 1818768?
True
Is 60 a factor of 33000?
True
Is 423 a factor of 66392?
False
Does 473 divide 704297?
True
Is 34 a factor of 1809840?
False
Does 81 divide 2918436?
False
Is 29 a factor of 10809?
False
Is 220 a factor of 427680?
True
Is 10 a factor of 58520?
True
Does 127 divide 83439?
True
Does 2 divide 407866?
True
Is 126 a factor of 1671110?
False
Does 30 divide 1559010?
True
Is 152 a factor of 8626760?
True
Is 14136 a multiple of 228?
True
Is 586663 a multiple of 11?
True
Is 181137 a multiple of 174?
False
Is 1764504 a multiple of 11?
False
Is 6 a factor of 210066?
True
Does 301 divide 24983?
True
Is 16 a factor of 72306?
False
Is 55 a factor of 2180106?
False
Is 132 a factor of 50820?
True
Does 590 divide 7490640?
True
Is 144268 a multiple of 7?
False
Is 4139565 a multiple of 44?
False
Does 34 divide 236429?
False
Does 296 divide 4460128?
True
Does 24 divide 10714577?
False
Is 409732 a multiple of 49?
False
Is 39438 a multiple of 3?
True
Is 903 a factor of 3238158?
True
Does 14 divide 1096565?
False
Is 6865877 a multiple of 103?
True
Is 8 a factor of 183888?
True
Does 11 divide 3594965?
True
Is 63325 a multiple of 101?
False
Is 5 a factor of 68865?
True
Is 65736 a multiple of 249?
True
Does 14 divide 1923964?
True
Is 6 a factor of 498768?
True
Is 81873 a multiple of 99?
True
Is 4680515 a multiple of 16?
False
Is 155242 a multiple of 77?
False
Is 130905 a multiple of 3?
True
Is 16 a factor of 367503?
False
Is 19 a factor of 37312?
False
Does 23 divide 6616870?
True
Is 231296 a multiple of 278?
True
Does 200 divide 415800?
True
Does 15 divide 27092980?
False
Is 269 a factor of 39383?
False
Is 6260681 a multiple of 934?
False
Is 172 a factor of 2702464?
True
Is 8987473 a multiple of 1021?
False
Does 37 divide 90946?
True
Is 13 a factor of 13793?
True
Is 3833676 a multiple of 126?
True
Is 184525 a multiple of 9?
False
Is 24 a factor of 430800?
True
Does 14 divide 152852?
True
Is 267852 a multiple of 204?
True
Is 13 a factor of 632723?
True
Is 4 a factor of 115613?
False
Is 20 a factor of 102858?
False
Is 16 a factor of 52507?
False
Does 37 divide 2747213?
True
Is 2100930 a multiple of 3?
True
Is 24091 a multiple of 33?
False
Is 28017 a multiple of 3?
True
Is 106032 a multiple of 376?
True
Is 497322 a multiple of 12?
False
Is 9 a factor of 10353240?
True
Is 43 a factor of 24268512?
True
Is 1345660 a multiple of 122?
True
Is 102 a factor of 5477094?
True
Does 41 divide 10964384?
True
Does 182 divide 3312946?
True
Does 140 divide 323904?
False
Does 213 divide 172233?
False
Does 40 divide 171800?
True
Is 92 a factor of 132296?
True
Does 12 divide 20611238?
False
Is 2407920 a multiple of 120?
True
Does 9 divide 468189?
True
Is 9 a factor of 1733985?
True
Is 1032845 even?
False
Is 698811 a multiple of 325?
False
Does 109 divide 67689?
True
Is 1740789 a multiple of 1143?
True
Does 46 divide 396922?
False
Is 280 a factor of 306376?
False
Is 1070263 a multiple of 216?
False
Is 1608125 a multiple of 31?
True
Does 19 divide 63993?
False
Is 60 a factor of 32820?
True
Is 392 a factor of 474185?
False
Is 29088 a multiple of 32?
True
Does 21 divide 2610347?
False
Does 11 divide 1930620?
False
Does 156 divide 21966360?
True
Does 11 divide 84504?
False
Is 34 a factor of 15708?
True
Is 898227 a multiple of 11?
True
Is 207 a factor of 773973?
True
Is 22 a factor of 1166705?
False
Is 17 a factor of 587911?
True
Is 61 a factor of 3260000?
False
Is 8 a factor of 823887?
False
Is 20 a factor of 2903369?
False
Is 6 a factor of 146845?
False
Is 634216 a multiple of 52?
False
Does 44 divide 47273?
False
Is 22862533 a multiple of 2027?
True
Is 2498496 a multiple of 336?
True
Is 111536 a multiple of 63?
False
Is 136644 a multiple of 193?
True
Is 129 a factor of 208028?
False
Is 30 a factor of 848460?
True
Does 4 divide 535772?
True
Is 158 a factor of 139040?
True
Is 65 a factor of 674701?
False
Does 40 divide 13320?
True
Is 4791243 a multiple of 105?
False
Is 1869840 a multiple of 16?
True
Is 59565 a multiple of 33?
True
Is 147 a factor of 193561?
False
Does 116 divide 1362420?
True
Is 630918 a multiple of 36?
False
Does 55 divide 86022?
False
Does 14 divide 753690?
True
Does 130 divide 3864511?
False
Does 218 divide 2157835?
False
Does 71 divide 10019957?
False
Is 5271717 a multiple of 17?
True
Is 12 a factor of 462612?
True
Is 18 a factor of 4933008?
True
Is 15 a factor of 6432840?
True
Is 248 a factor of 7862452?
False
Does 763 divide 5449763?
False
Is 76 a factor of 7536756?
False
Is 56 a factor of 4844840?
True
Is 7 a factor of 2997434?
False
Is 13336403 a multiple of 173?
False
Does 42 divide 537288?
False
Is 1270269 a multiple of 33?
True
Is 2605584 a multiple of 19?
True
Does 122 divide 1930528?
True
Is 122 a factor of 1900150?
True
Is 22 a factor of 9416?
True
Is 112682 a multiple of 14?
False
Is 723044 a multiple of 217?
True
Does 12 divide 61920?
True
Is 1570 a multiple of 10?
True
Does 43 divide 496349?
True
Is 3856369 a multiple of 715?
False
Is 14 a factor of 277116?
True
Is 4 a factor of 54